t of 1265980998?
9
What is the thousands digit of 210519576?
9
What is the tens digit of 234716475?
7
What is the thousands digit of 542190022?
0
What is the hundred thousands digit of 50595011?
5
What is the units digit of 77652901?
1
What is the units digit of 418643560?
0
What is the tens digit of 24277029?
2
What is the units digit of 125064791?
1
What is the hundred thousands digit of 10547799?
5
What is the hundred millions digit of 587342126?
5
What is the ten millions digit of 1470484639?
7
What is the hundreds digit of 6459429810?
8
What is the thousands digit of 45038785?
8
What is the millions digit of 35316388?
5
What is the millions digit of 439909495?
9
What is the thousands digit of 3994071?
4
What is the hundred millions digit of 2734605546?
7
What is the millions digit of 785823160?
5
What is the hundreds digit of 48826015?
0
What is the millions digit of 2969486234?
9
What is the hundred millions digit of 688513329?
6
What is the ten millions digit of 737309335?
3
What is the hundred millions digit of 424535964?
4
What is the hundred millions digit of 1149067676?
1
What is the units digit of 62818373?
3
What is the ten thousands digit of 651110375?
1
What is the hundred thousands digit of 28742880?
7
What is the tens digit of 5241277462?
6
What is the hundred millions digit of 1899247415?
8
What is the thousands digit of 1385663922?
3
What is the hundreds digit of 226167853?
8
What is the tens digit of 589358023?
2
What is the hundred thousands digit of 592079416?
0
What is the ten thousands digit of 18797307?
9
What is the thousands digit of 91408411?
8
What is the hundreds digit of 4139852497?
4
What is the hundred thousands digit of 5255087987?
0
What is the tens digit of 16496527?
2
What is the hundred millions digit of 140184972?
1
What is the tens digit of 427704918?
1
What is the millions digit of 40813367?
0
What is the thousands digit of 955012282?
2
What is the hundred millions digit of 5601337611?
6
What is the hundred millions digit of 307555269?
3
What is the units digit of 6228834041?
1
What is the tens digit of 42840571?
7
What is the units digit of 4071631157?
7
What is the millions digit of 3005574984?
5
What is the hundreds digit of 4837907685?
6
What is the billions digit of 2525822436?
2
What is the billions digit of 1045078778?
1
What is the tens digit of 33561036?
3
What is the hundreds digit of 23618490?
4
What is the millions digit of 1858043440?
8
What is the hundreds digit of 152665193?
1
What is the hundred thousands digit of 12593870?
5
What is the ten thousands digit of 61250218?
5
What is the ten millions digit of 2130952910?
3
What is the thousands digit of 843207062?
7
What is the millions digit of 398153314?
8
What is the hundreds digit of 584824266?
2
What is the hundreds digit of 161041917?
9
What is the tens digit of 502585555?
5
What is the units digit of 1649366884?
4
What is the hundred thousands digit of 421943744?
9
What is the hundred thousands digit of 6470810?
4
What is the thousands digit of 135289231?
9
What is the tens digit of 6139453224?
2
What is the hundreds digit of 78797900?
9
What is the ten thousands digit of 19471158?
7
What is the thousands digit of 38750162?
0
What is the hundreds digit of 39803078?
0
What is the hundred thousands digit of 1157520347?
5
What is the hundred millions digit of 9493931262?
4
What is the units digit of 155542088?
8
What is the ten millions digit of 706215672?
0
What is the hundreds digit of 3620392349?
3
What is the hundreds digit of 450414980?
9
What is the ten thousands digit of 171216782?
1
What is the ten thousands digit of 9687291092?
9
What is the hundreds digit of 23896747?
7
What is the ten thousands digit of 107162744?
6
What is the thousands digit of 33522262?
2
What is the thousands digit of 3464915985?
5
What is the thousands digit of 141541370?
1
What is the units digit of 7556466781?
1
What is the thousands digit of 1811154337?
4
What is the thousands digit of 214658441?
8
What is the units digit of 3440544772?
2
What is the millions digit of 400386285?
0
What is the thousands digit of 31380634?
0
What is the millions digit of 237946070?
7
What is the millions digit of 260734064?
0
What is the hundreds digit of 180812382?
3
What is the hundred millions digit of 617471702?
6
What is the millions digit of 35856422?
5
What is the thousands digit of 49967234?
7
What is the hundreds digit of 66925273?
2
What is the units digit of 361595994?
4
What is the hundreds digit of 5662664612?
6
What is the hundred millions digit of 292837681?
2
What is the hundred thousands digit of 50649966?
6
What is the hundred millions digit of 2011933966?
0
What is the thousands digit of 1088313127?
3
What is the hundred millions digit of 107490966?
1
What is the ten millions digit of 3204212970?
0
What is the hundred thousands digit of 3704982180?
9
What is the hundreds digit of 15498224?
2
What is the thousands digit of 1724091561?
1
What is the millions digit of 133894956?
3
What is the tens digit of 1623514390?
9
What is the hundred millions digit of 236830716?
2
What is the tens digit of 3189766701?
0
What is the thousands digit of 8634014679?
4
What is the ten millions digit of 7944325613?
4
What is the ten millions digit of 204179631?
0
What is the ten millions digit of 412700503?
1
What is the billions digit of 3309930948?
3
What is the ten thousands digit of 1439977377?
7
What is the hundreds digit of 109741282?
2
What is the millions digit of 57185335?
7
What is the thousands digit of 85181644?
1
What is the ten millions digit of 390807566?
9
What is the units digit of 258469377?
7
What is the billions digit of 2593813251?
2
What is the hundreds digit of 81671231?
2
What is the hundred thousands digit of 138491730?
4
What is the hundred thousands digit of 102680657?
6
What is the units digit of 872597988?
8
What is the thousands digit of 1401872236?
2
What is the hundred millions digit of 831127008?
8
What is the hundreds digit of 19166504?
5
What is the ten thousands digit of 39753295?
5
What is the units digit of 964199368?
8
What is the millions digit of 102498839?
2
What is the hundreds digit of 774142815?
8
What is the ten thousands digit of 145129845?
2
What is the thousands digit of 170178931?
8
What is the hundred thousands digit of 112931643?
9
What is the thousands digit of 578160396?
0
What is the thousands digit of 396223668?
3
What is the ten thousands digit of 214336453?
3
What is the millions digit of 57566849?
7
What is the hundred thousands digit of 1342605054?
6
What is the tens digit of 1156853310?
1
What is the units digit of 49497107?
7
What is the ten millions digit of 3600205751?
0
What is the units digit of 268625502?
2
What is the hundreds digit of 34811140?
1
What is the ten thousands digit of 24111503?
1
What is the hundreds digit of 362196484?
4
What is the units digit of 417305900?
0
What is the millions digit of 1481551571?
1
What is the ten millions digit of 2781886849?
8
What is the billions digit of 1194674043?
1
What is the millions digit of 1275551928?
5
What is the hundred millions digit of 2338001952?
3
What is the hundreds digit of 1629059927?
9
What is the ten thousands digit of 49552667?
5
What is the ten millions digit of 51978013?
5
What is the units digit of 91259982?
2
What is the tens digit of 90742237?
3
What is the millions digit of 735344645?
5
What is the ten millions digit of 46042514?
4
What is the tens digit of 20072438?
3
What is the ten millions digit of 1673270777?
7
What is the thousands digit of 500622079?
2
What is the tens digit of 10533877?
7
What is the ten millions digit of 78598226?
7
What is the hundreds digit of 624666112?
1
What is the ten millions digit of 7531397850?
3
What is the units digit of 120734664?
4
What is the ten millions digit of 37717273?
3
What is the hundred millions digit of 163101230?
1
What is the units digit of 128582138?
8
What is the ten thousands digit of 868805687?
0
What is the hundreds digit of 29400694?
6
What is the hundred millions digit of 1350283650?
3
What is the hundred millions digit of 191855007?
1
What is the hundreds digit of 232779776?
7
What is the millions digit of 12112975?
2
What is the units digit of 98022838?
8
What is the units